[INFO] cloning repository https://github.com/DriesCruyskens/test-kd-tree
[INFO] running `Command { std: "git" "-c" "credential.helper=" "-c" "credential.helper=/workspace/cargo-home/bin/git-credential-null" "clone" "--bare" "https://github.com/DriesCruyskens/test-kd-tree" "/workspace/cache/git-repos/https%3A%2F%2Fgithub.com%2FDriesCruyskens%2Ftest-kd-tree", kill_on_drop: false }`
[INFO] [stderr] Cloning into bare repository '/workspace/cache/git-repos/https%3A%2F%2Fgithub.com%2FDriesCruyskens%2Ftest-kd-tree'...
[INFO] running `Command { std: "git" "rev-parse" "HEAD", kill_on_drop: false }`
[INFO] [stdout] 88f7d1e94dec1f36f0aa763ce813905080bcf59d
[INFO] checking DriesCruyskens/test-kd-tree against master#9610dfe5a9a731ced1ea4923ecbd0c57fe367898 for beta-170-4
[INFO] running `Command { std: "git" "clone" "/workspace/cache/git-repos/https%3A%2F%2Fgithub.com%2FDriesCruyskens%2Ftest-kd-tree" "/workspace/builds/worker-0-tc1/source", kill_on_drop: false }`
[INFO] [stderr] Cloning into '/workspace/builds/worker-0-tc1/source'...
[INFO] [stderr] done.
[INFO] validating manifest of git repo https://github.com/DriesCruyskens/test-kd-tree on toolchain 9610dfe5a9a731ced1ea4923ecbd0c57fe367898
[INFO] running `Command { std: CARGO_HOME="/workspace/cargo-home" RUSTUP_HOME="/workspace/rustup-home" "/workspace/cargo-home/bin/cargo" "+9610dfe5a9a731ced1ea4923ecbd0c57fe367898" "metadata" "--manifest-path" "Cargo.toml" "--no-deps", kill_on_drop: false }`
[INFO] started tweaking git repo https://github.com/DriesCruyskens/test-kd-tree
[INFO] finished tweaking git repo https://github.com/DriesCruyskens/test-kd-tree
[INFO] tweaked toml for git repo https://github.com/DriesCruyskens/test-kd-tree written to /workspace/builds/worker-0-tc1/source/Cargo.toml
[INFO] crate git repo https://github.com/DriesCruyskens/test-kd-tree already has a lockfile, it will not be regenerated
[INFO] running `Command { std: CARGO_HOME="/workspace/cargo-home" RUSTUP_HOME="/workspace/rustup-home" "/workspace/cargo-home/bin/cargo" "+9610dfe5a9a731ced1ea4923ecbd0c57fe367898" "fetch" "--manifest-path" "Cargo.toml", kill_on_drop: false }`
[INFO] [stderr]     Updating crates.io index
[INFO] [stderr]  Downloading crates ...
[INFO] [stderr]   Downloaded pdqselect v0.1.1
[INFO] [stderr]   Downloaded kd-tree v0.4.1
[INFO] running `Command { std: "docker" "create" "-v" "/var/lib/crater-agent-workspace/builds/worker-0-tc1/target:/opt/rustwide/target:rw,Z" "-v" "/var/lib/crater-agent-workspace/builds/worker-0-tc1/source:/opt/rustwide/workdir:ro,Z" "-v" "/var/lib/crater-agent-workspace/cargo-home:/opt/rustwide/cargo-home:ro,Z" "-v" "/var/lib/crater-agent-workspace/rustup-home:/opt/rustwide/rustup-home:ro,Z" "-e" "SOURCE_DIR=/opt/rustwide/workdir" "-e" "CARGO_TARGET_DIR=/opt/rustwide/target" "-e" "CARGO_HOME=/opt/rustwide/cargo-home" "-e" "RUSTUP_HOME=/opt/rustwide/rustup-home" "-w" "/opt/rustwide/workdir" "-m" "1610612736" "--user" "0:0" "--network" "none" "ghcr.io/rust-lang/crates-build-env/linux@sha256:19e73879b68f455e41552ea35293514db52ea292d993f571636dbffedb77a1ee" "/opt/rustwide/cargo-home/bin/cargo" "+9610dfe5a9a731ced1ea4923ecbd0c57fe367898" "metadata" "--no-deps" "--format-version=1", kill_on_drop: false }`
[INFO] [stdout] 93750b6df50e11581126a0f186c67210fcb6477b57cfa96130ae4ced9887acd8
[INFO] running `Command { std: "docker" "start" "-a" "93750b6df50e11581126a0f186c67210fcb6477b57cfa96130ae4ced9887acd8", kill_on_drop: false }`
[INFO] running `Command { std: "docker" "inspect" "93750b6df50e11581126a0f186c67210fcb6477b57cfa96130ae4ced9887acd8", kill_on_drop: false }`
[INFO] running `Command { std: "docker" "rm" "-f" "93750b6df50e11581126a0f186c67210fcb6477b57cfa96130ae4ced9887acd8", kill_on_drop: false }`
[INFO] [stdout] 93750b6df50e11581126a0f186c67210fcb6477b57cfa96130ae4ced9887acd8
[INFO] running `Command { std: "docker" "create" "-v" "/var/lib/crater-agent-workspace/builds/worker-0-tc1/target:/opt/rustwide/target:rw,Z" "-v" "/var/lib/crater-agent-workspace/builds/worker-0-tc1/source:/opt/rustwide/workdir:ro,Z" "-v" "/var/lib/crater-agent-workspace/cargo-home:/opt/rustwide/cargo-home:ro,Z" "-v" "/var/lib/crater-agent-workspace/rustup-home:/opt/rustwide/rustup-home:ro,Z" "-e" "SOURCE_DIR=/opt/rustwide/workdir" "-e" "CARGO_TARGET_DIR=/opt/rustwide/target" "-e" "CARGO_INCREMENTAL=0" "-e" "RUST_BACKTRACE=full" "-e" "RUSTFLAGS=--cap-lints=forbid" "-e" "RUSTDOCFLAGS=--cap-lints=forbid" "-e" "CARGO_HOME=/opt/rustwide/cargo-home" "-e" "RUSTUP_HOME=/opt/rustwide/rustup-home" "-w" "/opt/rustwide/workdir" "-m" "1610612736" "--user" "0:0" "--network" "none" "ghcr.io/rust-lang/crates-build-env/linux@sha256:19e73879b68f455e41552ea35293514db52ea292d993f571636dbffedb77a1ee" "/opt/rustwide/cargo-home/bin/cargo" "+9610dfe5a9a731ced1ea4923ecbd0c57fe367898" "check" "--frozen" "--all" "--all-targets" "--message-format=json", kill_on_drop: false }`
[INFO] [stdout] 6ba3b7ca3d2cbd7bc3cf64e27ff86f35549a35d7d5fd3833e269008d0d954751
[INFO] running `Command { std: "docker" "start" "-a" "6ba3b7ca3d2cbd7bc3cf64e27ff86f35549a35d7d5fd3833e269008d0d954751", kill_on_drop: false }`
[INFO] [stderr]    Compiling autocfg v1.1.0
[INFO] [stderr]    Compiling proc-macro2 v1.0.42
[INFO] [stderr]    Compiling quote v1.0.20
[INFO] [stderr]    Compiling unicode-ident v1.0.2
[INFO] [stderr]     Checking bytemuck v1.11.0
[INFO] [stderr]    Compiling syn v1.0.98
[INFO] [stderr]    Compiling typenum v1.15.0
[INFO] [stderr]    Compiling paste v1.0.7
[INFO] [stderr]     Checking rawpointer v0.2.1
[INFO] [stderr]     Checking safe_arch v0.6.0
[INFO] [stderr]     Checking matrixmultiply v0.3.2
[INFO] [stderr]     Checking pdqselect v0.1.1
[INFO] [stderr]    Compiling num-traits v0.2.15
[INFO] [stderr]    Compiling num-integer v0.1.45
[INFO] [stderr]     Checking wide v0.7.4
[INFO] [stderr]    Compiling num-rational v0.4.1
[INFO] [stderr]     Checking approx v0.5.1
[INFO] [stderr]     Checking num-complex v0.4.2
[INFO] [stderr]     Checking ordered-float v2.10.0
[INFO] [stderr]     Checking simba v0.6.0
[INFO] [stderr]     Checking simba v0.7.1
[INFO] [stderr]    Compiling nalgebra-macros v0.1.0
[INFO] [stderr]     Checking nalgebra v0.29.0
[INFO] [stderr]     Checking nalgebra v0.31.0
[INFO] [stderr]     Checking kd-tree v0.4.1
[INFO] [stderr]     Checking test-kd-tree v0.1.0 (/opt/rustwide/workdir)
[INFO] [stdout] error[E0277]: the trait bound `OPoint<i32, Const<3>>: KdPoint` is not satisfied
[INFO] [stdout]    --> src/main.rs:9:37
[INFO] [stdout]     |
[INFO] [stdout] 9   | let kdtree = kd_tree::KdTree::build(items);
[INFO] [stdout]     |              ---------------------- ^^^^^ the trait `KdPoint` is not implemented for `OPoint<i32, Const<3>>`
[INFO] [stdout]     |              |
[INFO] [stdout]     |              required by a bound introduced by this call
[INFO] [stdout]     |
[INFO] [stdout]     = help: the following other types implement trait `KdPoint`:
[INFO] [stdout]               (P, T)
[INFO] [stdout]               [T; 10]
[INFO] [stdout]               [T; 11]
[INFO] [stdout]               [T; 12]
[INFO] [stdout]               [T; 13]
[INFO] [stdout]               [T; 14]
[INFO] [stdout]               [T; 15]
[INFO] [stdout]               [T; 16]
[INFO] [stdout]             and 25 others
[INFO] [stdout] note: required by a bound in `KdTreeN::<T, N>::build`
[INFO] [stdout]    --> /opt/rustwide/cargo-home/registry/src/index.crates.io-6f17d22bba15001f/kd-tree-0.4.1/src/lib.rs:510:12
[INFO] [stdout]     |
[INFO] [stdout] 508 |     pub fn build(points: Vec<T>) -> Self
[INFO] [stdout]     |            ----- required by a bound in this associated function
[INFO] [stdout] 509 |     where
[INFO] [stdout] 510 |         T: KdPoint<Dim = N>,
[INFO] [stdout]     |            ^^^^^^^^^^^^^^^^ required by this bound in `KdTreeN::<T, N>::build`
[INFO] [stdout] 
[INFO] [stdout] 
[INFO] [stdout] error[E0277]: the trait bound `OPoint<i32, Const<3>>: KdPoint` is not satisfied
[INFO] [stdout]    --> src/main.rs:9:37
[INFO] [stdout]     |
[INFO] [stdout] 9   | let kdtree = kd_tree::KdTree::build(items);
[INFO] [stdout]     |              ---------------------- ^^^^^ the trait `KdPoint` is not implemented for `OPoint<i32, Const<3>>`
[INFO] [stdout]     |              |
[INFO] [stdout]     |              required by a bound introduced by this call
[INFO] [stdout]     |
[INFO] [stdout]     = help: the following other types implement trait `KdPoint`:
[INFO] [stdout]               (P, T)
[INFO] [stdout]               [T; 10]
[INFO] [stdout]               [T; 11]
[INFO] [stdout]               [T; 12]
[INFO] [stdout]               [T; 13]
[INFO] [stdout]               [T; 14]
[INFO] [stdout]               [T; 15]
[INFO] [stdout]               [T; 16]
[INFO] [stdout]             and 25 others
[INFO] [stdout] note: required by a bound in `KdTreeN::<T, N>::build`
[INFO] [stdout]    --> /opt/rustwide/cargo-home/registry/src/index.crates.io-6f17d22bba15001f/kd-tree-0.4.1/src/lib.rs:510:12
[INFO] [stdout]     |
[INFO] [stdout] 508 |     pub fn build(points: Vec<T>) -> Self
[INFO] [stdout]     |            ----- required by a bound in this associated function
[INFO] [stdout] 509 |     where
[INFO] [stdout] 510 |         T: KdPoint<Dim = N>,
[INFO] [stdout]     |            ^^^^^^^^^^^^^^^^ required by this bound in `KdTreeN::<T, N>::build`
[INFO] [stdout] 
[INFO] [stdout] 
[INFO] [stdout] error[E0599]: the method `nearest` exists for struct `KdTreeN<OPoint<i32, Const<3>>, _>`, but its trait bounds were not satisfied
[INFO] [stdout]   --> src/main.rs:11:19
[INFO] [stdout]    |
[INFO] [stdout] 11 | assert_eq!(kdtree.nearest(&query).unwrap().item, &query);
[INFO] [stdout]    |                   ^^^^^^^
[INFO] [stdout]    |
[INFO] [stdout]   ::: /opt/rustwide/cargo-home/registry/src/index.crates.io-6f17d22bba15001f/nalgebra-0.31.0/src/geometry/point.rs:44:1
[INFO] [stdout]    |
[INFO] [stdout] 44 | pub struct OPoint<T: Scalar, D: DimName>
[INFO] [stdout]    | ---------------------------------------- doesn't satisfy `OPoint<i32, Const<3>>: KdPoint`
[INFO] [stdout]    |
[INFO] [stdout]    = note: the following trait bounds were not satisfied:
[INFO] [stdout]            `OPoint<i32, Const<3>>: KdPoint`
[INFO] [stdout] 
[INFO] [stdout] 
[INFO] [stdout] error[E0599]: the method `nearest` exists for struct `KdTreeN<OPoint<i32, Const<3>>, _>`, but its trait bounds were not satisfied
[INFO] [stdout]   --> src/main.rs:11:19
[INFO] [stdout]    |
[INFO] [stdout] 11 | assert_eq!(kdtree.nearest(&query).unwrap().item, &query);
[INFO] [stdout]    |                   ^^^^^^^
[INFO] [stdout]    |
[INFO] [stdout]   ::: /opt/rustwide/cargo-home/registry/src/index.crates.io-6f17d22bba15001f/nalgebra-0.31.0/src/geometry/point.rs:44:1
[INFO] [stdout]    |
[INFO] [stdout] 44 | pub struct OPoint<T: Scalar, D: DimName>
[INFO] [stdout]    | ---------------------------------------- doesn't satisfy `OPoint<i32, Const<3>>: KdPoint`
[INFO] [stdout]    |
[INFO] [stdout]    = note: the following trait bounds were not satisfied:
[INFO] [stdout]            `OPoint<i32, Const<3>>: KdPoint`
[INFO] [stdout] 
[INFO] [stdout] 
[INFO] [stdout] error: aborting due to 2 previous errors
[INFO] [stdout] 
[INFO] [stdout] 
[INFO] [stdout] Some errors have detailed explanations: E0277, E0599.
[INFO] [stdout] 
[INFO] [stdout] For more information about an error, try `rustc --explain E0277`.
[INFO] [stdout] 
[INFO] [stdout] error: aborting due to 2 previous errors
[INFO] [stdout] 
[INFO] [stdout] 
[INFO] [stdout] Some errors have detailed explanations: E0277, E0599.
[INFO] [stdout] 
[INFO] [stdout] For more information about an error, try `rustc --explain E0277`.
[INFO] [stdout] 
[INFO] [stderr] error: could not compile `test-kd-tree` (bin "test-kd-tree" test) due to 3 previous errors
[INFO] [stderr] warning: build failed, waiting for other jobs to finish...
[INFO] [stderr] error: could not compile `test-kd-tree` (bin "test-kd-tree") due to 3 previous errors
[INFO] running `Command { std: "docker" "inspect" "6ba3b7ca3d2cbd7bc3cf64e27ff86f35549a35d7d5fd3833e269008d0d954751", kill_on_drop: false }`
[INFO] running `Command { std: "docker" "rm" "-f" "6ba3b7ca3d2cbd7bc3cf64e27ff86f35549a35d7d5fd3833e269008d0d954751", kill_on_drop: false }`
[INFO] [stdout] 6ba3b7ca3d2cbd7bc3cf64e27ff86f35549a35d7d5fd3833e269008d0d954751
